{"id":12683,"date":"2023-08-24T13:15:45","date_gmt":"2023-08-24T13:15:45","guid":{"rendered":"https:\/\/www.feg-sulgen.ch\/?page_id=12683"},"modified":"2023-08-24T14:23:47","modified_gmt":"2023-08-24T14:23:47","slug":"datenschutzerklaerung-website-feg-sulgen","status":"publish","type":"page","link":"https:\/\/www.feg-sulgen.ch\/index.php\/datenschutzerklaerung-website-feg-sulgen\/","title":{"rendered":"Datenschutzerkl\u00e4rung Website FEG Sulgen"},"content":{"rendered":"\t\t<div data-elementor-type=\"wp-page\" data-elementor-id=\"12683\" class=\"elementor elementor-12683\" data-elementor-post-type=\"page\">\n\t\t\t\t\t\t<section class=\"elementor-section elementor-top-section elementor-element elementor-element-e4cdaa4 elementor-section-boxed elementor-section-height-default elementor-section-height-default\" data-id=\"e4cdaa4\" data-element_type=\"section\" data-e-type=\"section\">\n\t\t\t\t\t\t<div class=\"elementor-container elementor-column-gap-default\">\n\t\t\t\t\t<div class=\"elementor-column elementor-col-100 elementor-top-column elementor-element elementor-element-a5e5b41\" data-id=\"a5e5b41\" data-element_type=\"column\" data-e-type=\"column\">\n\t\t\t<div class=\"elementor-widget-wrap elementor-element-populated\">\n\t\t\t\t\t\t<div class=\"elementor-element elementor-element-f9ea1f1 elementor-widget elementor-widget-text-editor\" data-id=\"f9ea1f1\" data-element_type=\"widget\" data-e-type=\"widget\" data-widget_type=\"text-editor.default\">\n\t\t\t\t<div class=\"elementor-widget-container\">\n\t\t\t\t\t\t\t\t\t<p><strong>Worum geht es?<br \/><\/strong>Wir beschaffen in unserer Organisation diverse Personendaten. Hier informieren wir Sie wie im Datenschutzgesetz vorgeschrieben.<\/p><p><strong>Wer sind wir? (Verantwortlichkeiten)<br \/><\/strong>FEG Sulgen<br \/>Datenschutzverantwortlicher: Hansj\u00f6rg Messmer<br \/>Kradolfstrasse 26, 8583 Sulgen<br \/>+41 71 642 20 45<br \/>info@feg-sulgen.ch<\/p><p>(Im Folgenden: \u00abWir\u00bb) ist als Betreiber der Website<strong> FEG Sulgen<\/strong> Verantwortliche f\u00fcr die Personendaten der Nutzer (Im Folgenden: \u00abSie\u00bb) der Website im Sinne des DSG.<\/p><p><strong>Welche Personendaten beschaffen wir?<br \/><\/strong>Neben den Angaben, die Sie selbst uns mitteilen (durch das, was Sie uns sagen, geben und was Sie bei uns tun), kann es sein, dass wir auch bei Dritten Angaben \u00fcber Sie beschaffen, n\u00e4mlich:<\/p><ul><li>Ihr Name, Ihr Einsatzgebiet und Ihr Anliegen (Dank \/ Bitte) und damit zusammenh\u00e4ngende Informationen, wie uns von Freunden oder Drittpersonen, die sich um Sie sorgen, mitgeteilt und von uns entsprechend in unsere Gebets- und Spenderlisten und Rundbriefe aufgenommen<\/li><li>Ihre Bankangaben, falls wir Spenden einnehmen oder \u00fcberweisen sollen<\/li><li>Bildmaterial (Foto\/Video), welches wir von einem Fotografen eines Kirchenevents oder sonst Dritten erhalten.<\/li><li>Ihre Social-Media\/Online-Aktivit\u00e4ten<\/li><li>Publikationen, in denen Sie vorkommen<\/li><\/ul><p><strong>Gehen Personendaten ins Ausland?<br \/><\/strong>Ja, das ist m\u00f6glich, in den EWR aber auch in jedes Land der Welt. Ist das ein Land ohne gen\u00fcgenden Datenschutz, schliessen wir insb. Die EU-Standardvertragsklauseln ab, k\u00f6nnen uns aber fallweise auch auf Einwilligungen abst\u00fctzen oder Daten ins Ausland geben, weil es f\u00fcr die Abwicklung eines Vertrags mit Ihnen oder in Ihrem Interesse notwendig ist (z.B. das Sammeln von Spenden oder Gebete f\u00fcr Sie im Ausland).<\/p><p><strong>Wozu beschaffen wir Personendaten?<br \/><\/strong>Wir tun das f\u00fcr folgende Zwecke (nebst denen, die wir Ihnen separat mitteilen):<\/p><ul><li>Kommunikation mit Ihnen<\/li><li>Gebete (Rundbriefe, Gebetslisten)<\/li><li>Marketing (Fundraising, Printmedien, Rundbriefe, Brosch\u00fcren)<\/li><li>Newsletter<\/li><li>Verdankungen f\u00fcr Ihre Arbeit \/ Mithilfe<\/li><li>Vertragsabschluss\/-abwicklung mit Ihnen, inklusive Bewerbungen<\/li><li>Betrieb der Infrastruktur, Website<\/li><li>Marktanalysen (im Bereich Kernaufgaben: Pionierarbeit, Gemeindeaufbau, Gemeindef\u00f6rderung, Sozialdiakonische Aufgaben, Training, J\u00fcngerschaft, Humanit\u00e4re Arbeits-\/Nothilfe\/Entwicklungszusammenarbeit; Spenden; Rechtsform)<\/li><li>Schulung, Weiterbildung<\/li><li>Einhaltung gesetzlicher Pflichten<\/li><\/ul><p><strong>Wem geben wir Personendaten bekannt? <\/strong><\/p><ul><li>\u00dcbergeordneter Gemeindeverband<\/li><li>Dienstleister (z.B. IT- und Cloud-Provider, Banken, Versicherungen, Transport und Versandunternehmen)<\/li><li>Verteiler der Gebetslisten<\/li><li>Beh\u00f6rden (insbesondere, wo wir dazu verpflichtet sind)<\/li><li>Dritte, die via Website Daten \u00fcber Sie erheben. Die CMS-Software setzt beschr\u00e4nkt Cookies zur Erkennung von Nutzern der Website ein (einloggen von Nutzern in den passwortgesch\u00fctzten Bereich). Es werden Social-Media-Plugins (wie Facebook) eingebunden, die Cookies einsetzen. Logfiles speichern die IP-Adressen nur anonym.<\/li><\/ul><p><strong>Ihre Rechte?<br \/><\/strong>Sie haben grunds\u00e4tzlich das Recht, Auskunft \u00fcber Ihre von uns verarbeiteten Personendaten zu verlangen. Insbesondere k\u00f6nnen Sie<\/p><ul><li>Auskunft \u00fcber die Personendaten als solche,<\/li><li>den Bearbeitungszweck,<\/li><li>die Aufbewahrungsdauer oder, falls dies nicht m\u00f6glich ist, die Kriterien zur Festlegung dieser Dauer,<\/li><li>die Herkunft Ihrer Daten, sofern diese nicht bei Ihnen erhoben wurden,<\/li><li>gegebenenfalls \u00fcber das Vorliegen einer automatisierten Einzelentscheidung,<\/li><li>gegebenenfalls \u00fcber die Empf\u00e4nger oder die Kategorien von Empf\u00e4ngern, denen ihre Personendaten bekanntgegeben werden, verlangen.<\/li><\/ul><p>Weiter haben Sie grunds\u00e4tzlich das Recht<\/p><ul><li>Eine allenfalls erteilte Einwilligung zur Nutzung Ihrer Personendaten zu widerrufen<\/li><li>Ihre von uns gespeicherten Personendaten korrigieren zu lassen<\/li><li>Ihre von uns gespeicherten Personendaten l\u00f6schen zu lassen oder sonst unserer Bearbeitung zu widersprechen<\/li><\/ul><p>Diese Rechte k\u00f6nnen bzw. m\u00fcssen wir je nach den Umst\u00e4nden so wie gesetzlich vorgesehen einschr\u00e4nken, z.B. zum Schutz Dritter oder wo wir zu Aufbewahrung gesetzlich verpflichtet sind (bei Daten zu Spender\/innen betr\u00e4gt die Aufbewahrungsfrist in der Regel 10 Jahre).<\/p><p>Sie k\u00f6nnen Ihre genannten Rechte bei uns geltend machen unter der folgenden Kontaktadresse: <a href=\"mailto:info@feg-sulgen.ch\" target=\"_blank\" rel=\"noopener\">info@feg-sulgen.ch<\/a><\/p>\t\t\t\t\t\t\t\t<\/div>\n\t\t\t\t<\/div>\n\t\t\t\t\t<\/div>\n\t\t<\/div>\n\t\t\t\t\t<\/div>\n\t\t<\/section>\n\t\t\t\t<section class=\"elementor-section elementor-top-section elementor-element elementor-element-394d307 elementor-section-boxed elementor-section-height-default elementor-section-height-default\" data-id=\"394d307\" data-element_type=\"section\" data-e-type=\"section\">\n\t\t\t\t\t\t<div class=\"elementor-container elementor-column-gap-default\">\n\t\t\t\t\t<div class=\"elementor-column elementor-col-100 elementor-top-column elementor-element elementor-element-477093f\" data-id=\"477093f\" data-element_type=\"column\" data-e-type=\"column\">\n\t\t\t<div class=\"elementor-widget-wrap elementor-element-populated\">\n\t\t\t\t\t\t<section class=\"elementor-section elementor-inner-section elementor-element elementor-element-40e6f77 elementor-section-boxed elementor-section-height-default elementor-section-height-default\" data-id=\"40e6f77\" data-element_type=\"section\" data-e-type=\"section\">\n\t\t\t\t\t\t<div class=\"elementor-container elementor-column-gap-default\">\n\t\t\t\t\t<div class=\"elementor-column elementor-col-50 elementor-inner-column elementor-element elementor-element-8a9fffa\" data-id=\"8a9fffa\" data-element_type=\"column\" data-e-type=\"column\">\n\t\t\t<div class=\"elementor-widget-wrap elementor-element-populated\">\n\t\t\t\t\t\t<div class=\"elementor-element elementor-element-41b89f8 elementor-widget elementor-widget-shortcode\" data-id=\"41b89f8\" data-element_type=\"widget\" data-e-type=\"widget\" data-widget_type=\"shortcode.default\">\n\t\t\t\t<div class=\"elementor-widget-container\">\n\t\t\t\t\t\t\t<div class=\"elementor-shortcode\"><div class='w3eden'><!-- WPDM Link Template: Default Template -->\n\n<div class=\"link-template-default card mb-2\">\n    <div class=\"card-body\">\n        <div class=\"media\">\n            <div class=\"mr-3 img-48\"><img decoding=\"async\" class=\"wpdm_icon\" alt=\"Icon\" src=\"https:\/\/www.feg-sulgen.ch\/wp-content\/plugins\/download-manager\/assets\/file-type-icons\/pdf.svg\" \/><\/div>\n            <div class=\"media-body\">\n                <h3 class=\"package-title\"><a href='https:\/\/www.feg-sulgen.ch\/index.php\/download\/download-verzeichnis-der-bearbeitungstaetigkeiten-feg-sulgen\/'>Download: Verzeichnis der Bearbeitungst\u00e4tigkeiten FEG Sulgen<\/a><\/h3>\n                <div class=\"text-muted text-small\"><i class=\"fas fa-copy\"><\/i> 1 Datei(en) <i class=\"fas fa-hdd ml-3\"><\/i> 87.44 KB<\/div>\n            <\/div>\n            <div class=\"ml-3\">\n                <a class='wpdm-download-link download-on-click btn btn-primary ' rel='nofollow' href='#' data-downloadurl=\"https:\/\/www.feg-sulgen.ch\/index.php\/download\/download-verzeichnis-der-bearbeitungstaetigkeiten-feg-sulgen\/?wpdmdl=12692&refresh=69e4bf97c62471776598935\">Download<\/a>\n            <\/div>\n        <\/div>\n    <\/div>\n<\/div>\n\n<\/div><\/div>\n\t\t\t\t\t\t<\/div>\n\t\t\t\t<\/div>\n\t\t\t\t\t<\/div>\n\t\t<\/div>\n\t\t\t\t<div class=\"elementor-column elementor-col-50 elementor-inner-column elementor-element elementor-element-2fa0de8\" data-id=\"2fa0de8\" data-element_type=\"column\" data-e-type=\"column\">\n\t\t\t<div class=\"elementor-widget-wrap\">\n\t\t\t\t\t\t\t<\/div>\n\t\t<\/div>\n\t\t\t\t\t<\/div>\n\t\t<\/section>\n\t\t\t\t\t<\/div>\n\t\t<\/div>\n\t\t\t\t\t<\/div>\n\t\t<\/section>\n\t\t\t\t<\/div>\n\t\t","protected":false},"excerpt":{"rendered":"<p>Worum geht es?Wir beschaffen in unserer Organisation diverse Personendaten. Hier informieren wir Sie wie im Datenschutzgesetz vorgeschrieben. Wer sind wir? (Verantwortlichkeiten)FEG SulgenDatenschutzverantwortlicher: Hansj\u00f6rg MessmerKradolfstrasse 26, 8583 Sulgen+41 71 642 20 45info@feg-sulgen.ch (Im Folgenden: \u00abWir\u00bb) ist als Betreiber der Website FEG Sulgen Verantwortliche f\u00fcr die Personendaten der Nutzer (Im Folgenden: \u00abSie\u00bb) der Website im Sinne des &#8230; <a title=\"Datenschutzerkl\u00e4rung Website FEG Sulgen\" class=\"read-more\" href=\"https:\/\/www.feg-sulgen.ch\/index.php\/datenschutzerklaerung-website-feg-sulgen\/\" aria-label=\"Mehr Informationen \u00fcber Datenschutzerkl\u00e4rung Website FEG Sulgen\">Weiterlesen<\/a><\/p>\n","protected":false},"author":1,"featured_media":0,"parent":0,"menu_order":0,"comment_status":"closed","ping_status":"closed","template":"","meta":{"footnotes":""},"class_list":["post-12683","page","type-page","status-publish"],"yoast_head":"<!-- This site is optimized with the Yoast SEO plugin v27.4 - https:\/\/yoast.com\/product\/yoast-seo-wordpress\/ -->\n<title>Datenschutzerkl\u00e4rung Website FEG Sulgen - FEG Sulgen<\/title>\n<meta name=\"robots\" content=\"index, follow, max-snippet:-1, max-image-preview:large, max-video-preview:-1\" \/>\n<link rel=\"canonical\" href=\"https:\/\/www.feg-sulgen.ch\/index.php\/datenschutzerklaerung-website-feg-sulgen\/\" \/>\n<meta property=\"og:locale\" content=\"de_DE\" \/>\n<meta property=\"og:type\" content=\"article\" \/>\n<meta property=\"og:title\" content=\"Datenschutzerkl\u00e4rung Website FEG Sulgen - FEG Sulgen\" \/>\n<meta property=\"og:description\" content=\"Worum geht es?Wir beschaffen in unserer Organisation diverse Personendaten. Hier informieren wir Sie wie im Datenschutzgesetz vorgeschrieben. Wer sind wir? (Verantwortlichkeiten)FEG SulgenDatenschutzverantwortlicher: Hansj\u00f6rg MessmerKradolfstrasse 26, 8583 Sulgen+41 71 642 20 45info@feg-sulgen.ch (Im Folgenden: \u00abWir\u00bb) ist als Betreiber der Website FEG Sulgen Verantwortliche f\u00fcr die Personendaten der Nutzer (Im Folgenden: \u00abSie\u00bb) der Website im Sinne des ... Weiterlesen\" \/>\n<meta property=\"og:url\" content=\"https:\/\/www.feg-sulgen.ch\/index.php\/datenschutzerklaerung-website-feg-sulgen\/\" \/>\n<meta property=\"og:site_name\" content=\"FEG Sulgen\" \/>\n<meta property=\"article:modified_time\" content=\"2023-08-24T14:23:47+00:00\" \/>\n<meta name=\"twitter:card\" content=\"summary_large_image\" \/>\n<meta name=\"twitter:label1\" content=\"Gesch\u00e4tzte Lesezeit\" \/>\n\t<meta name=\"twitter:data1\" content=\"3\u00a0Minuten\" \/>\n<script type=\"application\/ld+json\" class=\"yoast-schema-graph\">{\"@context\":\"https:\\\/\\\/schema.org\",\"@graph\":[{\"@type\":\"WebPage\",\"@id\":\"https:\\\/\\\/www.feg-sulgen.ch\\\/index.php\\\/datenschutzerklaerung-website-feg-sulgen\\\/\",\"url\":\"https:\\\/\\\/www.feg-sulgen.ch\\\/index.php\\\/datenschutzerklaerung-website-feg-sulgen\\\/\",\"name\":\"Datenschutzerkl\u00e4rung Website FEG Sulgen - FEG Sulgen\",\"isPartOf\":{\"@id\":\"https:\\\/\\\/www.feg-sulgen.ch\\\/#website\"},\"datePublished\":\"2023-08-24T13:15:45+00:00\",\"dateModified\":\"2023-08-24T14:23:47+00:00\",\"breadcrumb\":{\"@id\":\"https:\\\/\\\/www.feg-sulgen.ch\\\/index.php\\\/datenschutzerklaerung-website-feg-sulgen\\\/#breadcrumb\"},\"inLanguage\":\"de\",\"potentialAction\":[{\"@type\":\"ReadAction\",\"target\":[\"https:\\\/\\\/www.feg-sulgen.ch\\\/index.php\\\/datenschutzerklaerung-website-feg-sulgen\\\/\"]}]},{\"@type\":\"BreadcrumbList\",\"@id\":\"https:\\\/\\\/www.feg-sulgen.ch\\\/index.php\\\/datenschutzerklaerung-website-feg-sulgen\\\/#breadcrumb\",\"itemListElement\":[{\"@type\":\"ListItem\",\"position\":1,\"name\":\"Home\",\"item\":\"https:\\\/\\\/www.feg-sulgen.ch\\\/\"},{\"@type\":\"ListItem\",\"position\":2,\"name\":\"Datenschutzerkl\u00e4rung Website FEG Sulgen\"}]},{\"@type\":\"WebSite\",\"@id\":\"https:\\\/\\\/www.feg-sulgen.ch\\\/#website\",\"url\":\"https:\\\/\\\/www.feg-sulgen.ch\\\/\",\"name\":\"FEG Sulgen\",\"description\":\"Als Einheit in Bewegung!\",\"publisher\":{\"@id\":\"https:\\\/\\\/www.feg-sulgen.ch\\\/#organization\"},\"potentialAction\":[{\"@type\":\"SearchAction\",\"target\":{\"@type\":\"EntryPoint\",\"urlTemplate\":\"https:\\\/\\\/www.feg-sulgen.ch\\\/?s={search_term_string}\"},\"query-input\":{\"@type\":\"PropertyValueSpecification\",\"valueRequired\":true,\"valueName\":\"search_term_string\"}}],\"inLanguage\":\"de\"},{\"@type\":\"Organization\",\"@id\":\"https:\\\/\\\/www.feg-sulgen.ch\\\/#organization\",\"name\":\"FEG Sulgen\",\"url\":\"https:\\\/\\\/www.feg-sulgen.ch\\\/\",\"logo\":{\"@type\":\"ImageObject\",\"inLanguage\":\"de\",\"@id\":\"https:\\\/\\\/www.feg-sulgen.ch\\\/#\\\/schema\\\/logo\\\/image\\\/\",\"url\":\"https:\\\/\\\/www.feg-sulgen.ch\\\/wp-content\\\/uploads\\\/2020\\\/05\\\/cropped-FEG-Sulgen-3.jpg\",\"contentUrl\":\"https:\\\/\\\/www.feg-sulgen.ch\\\/wp-content\\\/uploads\\\/2020\\\/05\\\/cropped-FEG-Sulgen-3.jpg\",\"width\":658,\"height\":257,\"caption\":\"FEG Sulgen\"},\"image\":{\"@id\":\"https:\\\/\\\/www.feg-sulgen.ch\\\/#\\\/schema\\\/logo\\\/image\\\/\"}}]}<\/script>\n<!-- \/ Yoast SEO plugin. -->","yoast_head_json":{"title":"Datenschutzerkl\u00e4rung Website FEG Sulgen - FEG Sulgen","robots":{"index":"index","follow":"follow","max-snippet":"max-snippet:-1","max-image-preview":"max-image-preview:large","max-video-preview":"max-video-preview:-1"},"canonical":"https:\/\/www.feg-sulgen.ch\/index.php\/datenschutzerklaerung-website-feg-sulgen\/","og_locale":"de_DE","og_type":"article","og_title":"Datenschutzerkl\u00e4rung Website FEG Sulgen - FEG Sulgen","og_description":"Worum geht es?Wir beschaffen in unserer Organisation diverse Personendaten. Hier informieren wir Sie wie im Datenschutzgesetz vorgeschrieben. Wer sind wir? (Verantwortlichkeiten)FEG SulgenDatenschutzverantwortlicher: Hansj\u00f6rg MessmerKradolfstrasse 26, 8583 Sulgen+41 71 642 20 45info@feg-sulgen.ch (Im Folgenden: \u00abWir\u00bb) ist als Betreiber der Website FEG Sulgen Verantwortliche f\u00fcr die Personendaten der Nutzer (Im Folgenden: \u00abSie\u00bb) der Website im Sinne des ... Weiterlesen","og_url":"https:\/\/www.feg-sulgen.ch\/index.php\/datenschutzerklaerung-website-feg-sulgen\/","og_site_name":"FEG Sulgen","article_modified_time":"2023-08-24T14:23:47+00:00","twitter_card":"summary_large_image","twitter_misc":{"Gesch\u00e4tzte Lesezeit":"3\u00a0Minuten"},"schema":{"@context":"https:\/\/schema.org","@graph":[{"@type":"WebPage","@id":"https:\/\/www.feg-sulgen.ch\/index.php\/datenschutzerklaerung-website-feg-sulgen\/","url":"https:\/\/www.feg-sulgen.ch\/index.php\/datenschutzerklaerung-website-feg-sulgen\/","name":"Datenschutzerkl\u00e4rung Website FEG Sulgen - FEG Sulgen","isPartOf":{"@id":"https:\/\/www.feg-sulgen.ch\/#website"},"datePublished":"2023-08-24T13:15:45+00:00","dateModified":"2023-08-24T14:23:47+00:00","breadcrumb":{"@id":"https:\/\/www.feg-sulgen.ch\/index.php\/datenschutzerklaerung-website-feg-sulgen\/#breadcrumb"},"inLanguage":"de","potentialAction":[{"@type":"ReadAction","target":["https:\/\/www.feg-sulgen.ch\/index.php\/datenschutzerklaerung-website-feg-sulgen\/"]}]},{"@type":"BreadcrumbList","@id":"https:\/\/www.feg-sulgen.ch\/index.php\/datenschutzerklaerung-website-feg-sulgen\/#breadcrumb","itemListElement":[{"@type":"ListItem","position":1,"name":"Home","item":"https:\/\/www.feg-sulgen.ch\/"},{"@type":"ListItem","position":2,"name":"Datenschutzerkl\u00e4rung Website FEG Sulgen"}]},{"@type":"WebSite","@id":"https:\/\/www.feg-sulgen.ch\/#website","url":"https:\/\/www.feg-sulgen.ch\/","name":"FEG Sulgen","description":"Als Einheit in Bewegung!","publisher":{"@id":"https:\/\/www.feg-sulgen.ch\/#organization"},"potentialAction":[{"@type":"SearchAction","target":{"@type":"EntryPoint","urlTemplate":"https:\/\/www.feg-sulgen.ch\/?s={search_term_string}"},"query-input":{"@type":"PropertyValueSpecification","valueRequired":true,"valueName":"search_term_string"}}],"inLanguage":"de"},{"@type":"Organization","@id":"https:\/\/www.feg-sulgen.ch\/#organization","name":"FEG Sulgen","url":"https:\/\/www.feg-sulgen.ch\/","logo":{"@type":"ImageObject","inLanguage":"de","@id":"https:\/\/www.feg-sulgen.ch\/#\/schema\/logo\/image\/","url":"https:\/\/www.feg-sulgen.ch\/wp-content\/uploads\/2020\/05\/cropped-FEG-Sulgen-3.jpg","contentUrl":"https:\/\/www.feg-sulgen.ch\/wp-content\/uploads\/2020\/05\/cropped-FEG-Sulgen-3.jpg","width":658,"height":257,"caption":"FEG Sulgen"},"image":{"@id":"https:\/\/www.feg-sulgen.ch\/#\/schema\/logo\/image\/"}}]}},"_links":{"self":[{"href":"https:\/\/www.feg-sulgen.ch\/index.php\/wp-json\/wp\/v2\/pages\/12683","targetHints":{"allow":["GET"]}}],"collection":[{"href":"https:\/\/www.feg-sulgen.ch\/index.php\/wp-json\/wp\/v2\/pages"}],"about":[{"href":"https:\/\/www.feg-sulgen.ch\/index.php\/wp-json\/wp\/v2\/types\/page"}],"author":[{"embeddable":true,"href":"https:\/\/www.feg-sulgen.ch\/index.php\/wp-json\/wp\/v2\/users\/1"}],"replies":[{"embeddable":true,"href":"https:\/\/www.feg-sulgen.ch\/index.php\/wp-json\/wp\/v2\/comments?post=12683"}],"version-history":[{"count":0,"href":"https:\/\/www.feg-sulgen.ch\/index.php\/wp-json\/wp\/v2\/pages\/12683\/revisions"}],"wp:attachment":[{"href":"https:\/\/www.feg-sulgen.ch\/index.php\/wp-json\/wp\/v2\/media?parent=12683"}],"curies":[{"name":"wp","href":"https:\/\/api.w.org\/{rel}","templated":true}]}}